(8/(-4)*1)/(4/122). Let t = 63 + f. Let j be (-7 - (-3)/(5 - t)) + 2. What is h(j)?
-2
Let m(d) = -3*d + 1. Let l = 40 + -28. Suppose -l*j = -10*j - 2. Let b = 3 + j. Give m(b).
-11
Let g(f) = -129 - 14*f - 4*f**2 + 220 - 102. Give g(-3).
-5
Let o(v) = -v**2 - 5*v + 7. Let n = -4476 + 4471. Determine o(n).
7
Let y(p) be the third derivative of -7*p**6/12 + p**5/60 - p**3/6 - 3*p**2 + 416. Determine y(-1).
70
Let a(d) = 2*d**2 - 37*d + 174. Let k be a(10). Let u(t) be the second derivative of -5/12*t**k + 7/2*t**2 + 0 - t - 1/20*t**5 + 4/3*t**3. Give u(-6).
-5
Let u be ((-6)/12)/((-6)/(-276))*1. Let d be (4/(-6))/(8/228). Let f = d - u. Let r(p) = -p**3 + 6*p**2 - 7*p + 5. Calculate r(f).
9
Let x(i) = 17*i + 6. Let v(f) = -14*f. Let c(z) = 6*v(z) + 5*x(z). Determine c(-24).
6
Let n(p) = p**3 + 6*p**2 - p - 3. Suppose -20 = 26*o - 30*o. Suppose -4*r = o*d - 9*r + 10, 5*r + 44 = -4*d. Determine n(d).
3
Let b(z) = -3*z + 18. Let g(w) = -w + 1. Suppose y = -18 + 19. Let x(c) = y*b(c) - 2*g(c). What is x(0)?
16
Suppose -2*k - 3*h = 27, 0 = k - h + 3 - 2. Let v(x) = 2. Let z(b) = b**3 - 4*b**2 - 6*b - 10. Let m(w) = k*v(w) - z(w). Calculate m(4).
22
Let w(j) = j**3 + 11*j**2 - 22*j - 13. Let p(s) = -s**3 - 12*s**2 + 21*s + 13. Let t(d) = -2*p(d) - 3*w(d). Calculate t(-11).
-9
Let n(v) = -11 + 7 + 11*v + 5*v**2 - 3 - 3*v**2. Let d be n(-6). Let h(r) = 1 - 2 + 3*r**2 + 2*r**2. What is h(d)?
4
Let a(j) = -27*j**3 - 27*j**2 + 28*j - 100. Let q(r) = -5*r**3 - 5*r**2 + 6*r - 20. Let w(c) = 2*a(c) - 11*q(c). Determine w(2).
12
Let i(r) = r**2 - 27*r + 167. Suppose 0 = -v + k + 13, -17*v - 4*k + 220 = -5*v. Give i(v).
-3
Let t = -19 - -17. Let h(k) be the first derivative of 1/2*k**2 + 2/3*k**3 + 2*k - 31. What is h(t)?
8
Suppose 4*x = 5*z + 383, -5*x = -3*z - 0*x - 235. Let i = z + 80. Let y(t) = -t - 4. Calculate y(i).
-9
Let k(n) = n - 1. Let a(v) = 5*v - 6. Let q(h) = a(h) - 6*k(h). Suppose -4*b - 5*g + 123 = -2*b, 5*g - 285 = -5*b. Suppose -130*f + b = -139*f. Calculate q(f).
6
Let k(s) be the first derivative of 2*s**3/3 - 5*s**2 + 3*s + 1115. What is k(7)?
31
Suppose 4*g - 2*g + 5*c = -28, -g - 7 = -c. Let l be (68/51)/((-8)/(-18)). Let p(h) = 43 + 2*h - 55 - l*h. Calculate p(g).
-3
Suppose 4*b + 2*y = 6*b - 20, b + 2*y + 5 = 0. Suppose 10*z = 11*z - b*z. Let q(s) = -s**3 - s + 4. Calculate q(z).
4
Suppose 0 = -4*s - 3*z + 42, 8*s - 2*z = 13*s - 42. Let j(y) = -8*y + 34. Determine j(s).
-14
Let z(b) = -b + 8. Let n be z(-7). Suppose 32 = 19*y - n*y. Let s(k) = -3 + 5*k - y*k + 4*k**2 - 10*k**3 + 11*k**3. Give s(-5).
-13
Suppose 23*f + 20 = 28*f. Suppose 0 = -f*z + 3*k - 6*k + 23, 0 = -3*k + 15. Let h(m) = -5*m**3 - 2*m**2 + 3*m + 2*m**3 + 4*m**3. Calculate h(z).
6
Let u(l) = -8*l + l - 6*l - 6*l + 11 + 36*l + l**2. What is u(-19)?
49
Let a(j) be the third derivative of 3*j**2 + 0*j - 13/6*j**3 + 17 - 1/24*j**4. Determine a(-9).
-4
Let b(w) = 2*w + 9. Let f(j) = 3. Let u be 2*((-3)/2)/(-3). Let s(d) = u*b(d) - 4*f(d). Calculate s(5).
7
Let t(r) = 4*r - 17*r**2 - 14 - 4*r + 3*r**3. Let n(f) = -5*f**2 + 393 - 3*f**2 + f**3 - 400. Let d(i) = 5*n(i) - 2*t(i). Calculate d(-6).
-7
Let m(v) = -v + 2. Let n(d) = -d**2 + d - 1. Let x(g) = -4*m(g) + n(g). Suppose -4*u = 4*a - 44, 4*u + 3*a - 48 = -2*a. Suppose -3*q + u = -11. Give x(q).
-15
Let g(r) = r**3 - 12*r**2 + 43*r - 346. Let a be -1 + (-16)/(-15) - 110372/(-10095). Calculate g(a).
6
Let r(c) = -c**2 - 12*c - 13. Let j be ((22 + -2)/(-2))/1. Let m be r(j). Let b(t) = -6 + m + 0 + t. Give b(-8).
-7
Let l(n) = 2*n**2 - 5*n - 1. Suppose -1169*k + 930*k + 1434 = 0. Give l(k).
41
Let o(b) = b**3 - 3*b**2 + 2*b - 3. Suppose -7*z = -843 - 410. Let h = z - 176. Give o(h).
3
Let u(k) = -5*k**2 + 6*k + 1. Let i(o) = -o**3 - 19*o**2 + 3*o + 59. Let g be i(-19). Let f be u(g). Let s(v) = -v**3 - 6*v**2 + 8*v + 8. Calculate s(f).
1
Let u(a) = 28*a + 4. Suppose 3427*r = 3430*r + 3. Calculate u(r).
-24
Let g(x) be the first derivative of -3*x**2/2 + 44*x - 182. Let m be g(12). Let z(j) = j - 24. What is z(m)?
-16
Let i(t) = -171*t - 183. Let c(m) = -13*m + 4. Let z(y) = -18*c(y) + 2*i(y). Calculate z(-4).
-6
Suppose -2*n = w + 4, 5*w + 34 = 20*n - 16*n. Let j(a) = 70*a**2 + 2*a - 1. Calculate j(n).
71
Let b(w) = -3*w - 7. Let j be 21/(-28) + (-135)/(-4). Suppose -23*n = -j*n - 100. Calculate b(n).
23
Let p(q) = -12*q - 13. Let c(t) = 5*t + 6. Let f(y) = -6*y + 34. Let b be f(6). Let i(h) = b*p(h) - 5*c(h). Give i(-6).
2
Suppose w + 4 = 46*o - 45*o, 0 = 3*w + 2*o + 37. Let f(b) = 1 + 914*b**2 + 8*b - 4 - 913*b**2. Determine f(w).
6
Let x(g) = -14*g + 11*g**3 - 6*g**3 + 9*g + 13*g**2 - 6*g**3 + 1 - 18*g. Determine x(8).
137
Let g(v) = 7*v - 8. Let p(q) be the first derivative of -3*q - 81. Let z(m) = -g(m) + 2*p(m). Give z(-1).
9
Let q(s) = -s**2 - 5*s - 5. Let t be (135/9 - 5) + -11. Determine q(t).
-1
Suppose 2*o - 20 = o - 4*z, 2*o + z = 5. Suppose 10*h - 497 + 447 = o. Let q(b) = 3*b + 8. Let d(f) = -2*f - 4. Let s(w) = -5*d(w) - 3*q(w). Calculate s(h).
1
Let o(r) = r**2 + 6*r - 41. Let v be o(4). Let f(s) = 9*s**3 - 4*s**2 + 5*s + 1. Let q(j) = -9*j**3 + 5*j**2 - 6*j - 1. Let t(m) = -5*f(m) - 4*q(m). Give t(v).
9
Let v(d) = -d**3 + 9*d**2 - 13*d + 13. Let z be v(7). Suppose -z*b + 10 = -110. Let u(k) = -k**3 + 5*k**2 + 8*k + 3. What is u(b)?
15
Let k(v) be the first derivative of 3/2*v**2 - 1/6*v**3 + 8 + 1/2*v**4 - 5*v - 1/20*v**5. Let j(s) be the first derivative of k(s). Determine j(6).
-3
Suppose -130*n - y - 34 = -132*n, 3*y - 38 = -4*n. Let q(g) = -g**3 + 14*g**2 + g - 22. Give q(n).
-8
Let n(q) = -q**2 + 34*q + 46. Suppose 0 = 38*o + 63*o - 3636. Calculate n(o).
-26
Let h(u) = u**3 + u**2 + 1. Let q(c) = -6*c**3 + 2*c**2 + 8*c + 3. Let z(a) = -5*h(a) - q(a). Let l = 3724 - 3716. Determine z(l).
-8
Let k(o) = o**2 - 2*o - 82. Suppose 0 = 493*u - 482*u + 88. Determine k(u).
-2
Suppose 3*q + 3 + 6 = 0. Let g(z) = -4 - 1437*z**2 - 1440*z**2 + z + 1 + 4308*z**2 - 1434*z**2 - z**3. Give g(q).
-6
Suppose -18 = -2*r - 4, -r - 1 = 2*p. Let i(k) = -15*k - 13. What is i(p)?
47
Let n(a) = -a**3 + 5*a**2 - a + 5. Let s be n(5). Let o(w) = -2 - 1 + w + s*w. Suppose 0 = -3*c - 3*b - 25 + 67, 5*b - 40 = c. What is o(c)?
2
Let k(s) be the third derivative of s**5/60 + 3*s**4/8 - 25*s**3/6 + 5*s**2 + 25*s - 4. Calculate k(-13).
27
Let j(p) be the second derivative of -p**5/20 + 5*p**4/2 - 40*p**3/3 - 19*p**2 - 2*p - 915. Determine j(27).
-11
Let w(l) = l**3 - 7*l**2 - 4. Let i = -4509 - -4516. What is w(i)?
-4
Let k(j) be the first derivative of -j**4/4 + 2*j**3/3 + 9*j**2/2 - 2*j + 18. Let u be k(4). Let q(b) = -4 - 5*b - 19*b**u + 20*b**2 + 0*b. What is q(-3)?
20
Let r be 4/(-6) - (-2)/3. Let o(j) = r*j**2 + 1 + j**2 - 7*j + 1. Suppose -204*l = -2029 + 601. Determine o(l).
2
Let m(h) = h**3 - 6*h**2 + 2*h - 3. Let u be 4/3 - (-5 - 32/(-6)). Suppose 3*j + u + 3 = v, 0 = 4*j. Suppose -1 = -v*x + 23. Give m(x).
9
Let f(u) = -7*u + 3. Let k(r) be the second derivative of 10*r**3/3 - 9*r**2/2 + 85*r. Let c(t) = -11*f(t) - 4*k(t). Determine c(-6).
21
Let a(c) = -c**2 - 50*c - 99. Suppose -5*d - 54 = b + 189, 0 = -5*d + 5*b - 225. Determine a(d).
-3
Let i(y) = 4361 - y + 8*y**2 + 2*y**3 - 3*y**3 - 4360. Give i(6).
67
Let s(v) = 3*v**2 - v - 6. Let y be (6 - (-3 - -9))*(-2)/4. Let c be s(y). Let a(b) = 4*b + 9. Give a(c).
-15
Let x(h) be the second derivative of 1/20*h**5 + 0 - 7/6*h**3 + 45*h - 1/2*h**4 - 5*h**2. Give x(7).
-10
Let d(q) be the third derivative of 0 - 2/3*q**3 + 2*q + 9*q**2 + 1/8*q**4. Give d(3).
5
Suppose -74 = -13*b + 4. Suppose -2*l + 2*i - b = 2, -5*l - 3*i = -12. Let v(s) = s**2 - s - 7. Give v(l).
-7
Let n(p) = -3*p**3 + 2*p**2 + 2*p - 1. Let m(s) = -s**3 - s. Let c(l) = -2*m(l) - n(l). Let o(b) = b**2 + 11*b + 9. Let d be o(-10). Calculate c(d).
-6
Let g(o) be the first derivative of -12*o**2 - 53*o + 1029. Calculate g(-2).
-5
Let t = -74 - -79. Suppose x - 2*p - 2 = 0, 2*x - t*p - 14 = -5. Let f(c) = c**2 + 9*c + 7. What is f(x)?
-1
Let r = 40 - 33. Let i(w) be the second derivative of 1/6*w**3 - w + 0 + w**2. What is i(r)?
9
Let v(y) = -27 - 8*y - y**2 - 3*y + 2*y + 15. What is v(-7)?
2
Let w = -51 - -70. Suppose 2*q + 17 = w. Let k(o) = 0*o - q + 25*o**3 + 29*o**3 - 59*o**3 + o. Calculate k(1).
-5
Su